{"id":340,"date":"2021-02-22T20:34:09","date_gmt":"2021-02-22T20:34:09","guid":{"rendered":"http:\/\/feierabend.media\/?page_id=340"},"modified":"2021-02-22T20:34:09","modified_gmt":"2021-02-22T20:34:09","slug":"kelly-watch-the-stars","status":"publish","type":"page","link":"http:\/\/feierabend.media\/?page_id=340","title":{"rendered":"Kelly watch the stars"},"content":{"rendered":"<div id=\"pl-340\"  class=\"panel-layout\" ><div id=\"pg-340-0\"  class=\"panel-grid panel-no-style\" ><div id=\"pgc-340-0-0\"  class=\"panel-grid-cell\" ><div id=\"panel-340-0-0-0\" class=\"so-panel widget widget_scrollme_feature_box panel-first-child panel-last-child\" data-index=\"0\">        <div class=\"feature-box-container\">\n            \n            \n                            <p class=\"feat-box-content\">French Touch Music scene in Versailles - 1980- 2000\ndirected by Marc Collin (Nouvelle Vague)\nInterviews from:<\/p>\n                    <\/div>\n        <\/div><\/div><\/div><div id=\"pg-340-1\"  class=\"panel-grid panel-no-style\" ><div id=\"pgc-340-1-0\"  class=\"panel-grid-cell\" ><div id=\"panel-340-1-0-0\" class=\"so-panel widget widget_text panel-first-child panel-last-child\" data-index=\"1\" >\t\t\t<div class=\"textwidget\"><p><span lang=\"en-US\">Philippe Ascoli<\/span><\/p>\n<p>Marc Teissier du Cros.<\/p>\n<p>Jean Marie Paulus<\/p>\n<p><span lang=\"en-US\">Nicolas Dufournet<\/span><\/p>\n<p><span lang=\"en-US\">Eric \u00ab bob \u00bb Vincent<\/span><\/p>\n<p><span lang=\"en-US\">James Lavelle<\/span><\/p>\n<p><span lang=\"en-US\">Fabrice Blanchet<\/span><\/p>\n<p><span lang=\"en-US\">Laurent Collobert<\/span><\/p>\n<p><span lang=\"en-US\">Etienne de Crecy<\/span><\/p>\n<p><span lang=\"en-US\">Alexis Latrobe dit Gopher<\/span><\/p>\n<p><span lang=\"en-US\">Pierre Michel Levallois<\/span><\/p>\n<p><span lang=\"en-US\">Antoine Bardou Jacquet<\/span><\/p>\n<p><span lang=\"en-US\">Michel Gondry<\/span><\/p>\n<p><span lang=\"en-US\">Etienne Charry<\/span><\/p>\n<p>Olivier Gondry<\/p>\n<p>Emile Gl\u00e9n\u00e9<\/p>\n<p>Christophe Basterra<\/p>\n<p>Xavier Jamaux<\/p>\n<p><span lang=\"en-US\">Nicolas Godin <\/span><\/p>\n<p>JB Dunckel<\/p>\n<p>Herv\u00e9 ?<\/p>\n<p><span lang=\"en-US\">St\u00e9phane Mellino<\/span><\/p>\n<p><span lang=\"en-US\">Ludovic Houplain<\/span><\/p>\n<p><span lang=\"en-US\">Arnaud Rebotini<\/span><\/p>\n<p><span lang=\"en-US\">Thierry Baujard<\/span><\/p>\n<p><span lang=\"en-US\">Laurent Brancowitz<\/span><\/p>\n<p><span lang=\"en-US\">Jeff Cahours<\/span><\/p>\n<p><span lang=\"en-US\">Patrick Woodcock<\/span><\/p>\n<p><span lang=\"en-US\">Nicolas Ledain<\/span><\/p>\n<\/div>\n\t\t<\/div><\/div><div id=\"pgc-340-1-1\"  class=\"panel-grid-cell\" ><div id=\"panel-340-1-1-0\" class=\"so-panel widget widget_text panel-first-child panel-last-child\" data-index=\"2\" >\t\t\t<div class=\"textwidget\"><p><span lang=\"en-US\">directeur artistique chez Polydor,DG du label Source et Colombia UK<\/span><\/p>\n<p>chef de projet des compilations Sourcelab et du groupe AIR<\/p>\n<p>Bassiste des groupes Les Maitres et des Negresses Vertes<\/p>\n<p><span lang=\"en-US\">Bassiste des groupes Abject et Oui Oui, directeur Marketing Source<\/span><\/p>\n<p><span lang=\"en-US\">Bassiste du groupe Coup d \u00ab \u00e9tat au B\u00e9nin \u00bb responsable export Virgin<\/span><\/p>\n<p><span lang=\"en-US\">Directeur artistique du label Mo Wax UK<\/span><\/p>\n<p><span lang=\"en-US\">Bassiste des groupes Rosa Luxembourg et Elyse Garden<\/span><\/p>\n<p><span lang=\"en-US\">Chanteur du groupe Louba<\/span><\/p>\n<p><span lang=\"en-US\">Artiste Louba, Motorbass, Super Discount<\/span><\/p>\n<p><span lang=\"en-US\">Artiste<\/span><\/p>\n<p><span lang=\"en-US\">Guitariste de Louba, cr\u00e9ateur de Solid records<\/span><\/p>\n<p><span lang=\"en-US\">Graphiste,\u00a0<\/span><span lang=\"en-US\">videaste et cineaste<\/span><\/p>\n<p><span lang=\"en-US\">batteur des groupes Vietnam Rafale et Oui Oui, vid\u00e9aste et cin\u00e9aste<\/span><\/p>\n<p><span lang=\"en-US\">guitariste des groupes Vietnam Rafale et Oui Oui<\/span><\/p>\n<p>batteur de &#8220;Coup d&#8217;\u00e9tat au Benin&#8221;, trombone des Negresses Vertes<\/p>\n<p>Chanteur de &#8220;Coup d&#8217;\u00e9tat au Benin&#8221;<\/p>\n<p>Manageur de Spring, journaliste magazine Magic !<\/p>\n<p>Artiste Spleen ideal Ollano Bang Bang<\/p>\n<p><span lang=\"en-US\">Artiste Spleen Ideal Orange Air<\/span><\/p>\n<p>Artiste Orange Air<\/p>\n<p>Chanteur dans \u00ab les fils du soleil \u00bb<\/p>\n<p><span lang=\"en-US\">Artiste Les negresses Vertes<\/span><\/p>\n<p><span lang=\"en-US\">Graphiste, label H5<\/span><\/p>\n<p><span lang=\"en-US\">Artiste Black Strobe Zend Avesta<\/span><\/p>\n<p><span lang=\"en-US\">Fondateur label Structure Moderne<\/span><\/p>\n<p><span lang=\"en-US\">Artiste Phoenix<\/span><\/p>\n<p><span lang=\"en-US\">Artiste Abject Les satellites<\/span><\/p>\n<p><span lang=\"en-US\">Artiste Mellow<\/span><\/p>\n<p><span lang=\"en-US\">promoteur concerts, label Poplane<\/span><\/p>\n<\/div>\n\t\t<\/div><\/div><\/div><div id=\"pg-340-2\"  class=\"panel-grid panel-no-style\" ><div id=\"pgc-340-2-0\"  class=\"panel-grid-cell\" ><div id=\"panel-340-2-0-0\" class=\"so-panel widget widget_scrollme_feature_box panel-first-child panel-last-child\" data-index=\"3\">        <div class=\"feature-box-container\">\n            \n            \n                            <p class=\"feat-box-content\">Ready end 2021 \/2022<\/p>\n                    <\/div>\n        <\/div><\/div><\/div><\/div>","protected":false},"excerpt":{"rendered":"<p>Philippe Ascoli Marc Teissier du Cros. Jean Marie Paulus Nicolas Dufournet Eric \u00ab bob \u00bb Vincent James Lavelle Fabrice Blanchet Laurent Collobert Etienne de Crecy Alexis Latrobe dit Gopher Pierre Michel Levallois Antoine Bardou Jacquet Michel Gondry Etienne Charry Olivier Gondry Emile Gl\u00e9n\u00e9 Christophe Basterra Xavier Jamaux Nicolas Godin JB Dunckel Herv\u00e9 ? St\u00e9phane Mellino [&hellip;]<\/p>\n","protected":false},"author":1,"featured_media":0,"parent":0,"menu_order":0,"comment_status":"closed","ping_status":"closed","template":"","meta":[],"_links":{"self":[{"href":"http:\/\/feierabend.media\/index.php?rest_route=\/wp\/v2\/pages\/340"}],"collection":[{"href":"http:\/\/feierabend.media\/index.php?rest_route=\/wp\/v2\/pages"}],"about":[{"href":"http:\/\/feierabend.media\/index.php?rest_route=\/wp\/v2\/types\/page"}],"author":[{"embeddable":true,"href":"http:\/\/feierabend.media\/index.php?rest_route=\/wp\/v2\/users\/1"}],"replies":[{"embeddable":true,"href":"http:\/\/feierabend.media\/index.php?rest_route=%2Fwp%2Fv2%2Fcomments&post=340"}],"version-history":[{"count":14,"href":"http:\/\/feierabend.media\/index.php?rest_route=\/wp\/v2\/pages\/340\/revisions"}],"predecessor-version":[{"id":354,"href":"http:\/\/feierabend.media\/index.php?rest_route=\/wp\/v2\/pages\/340\/revisions\/354"}],"wp:attachment":[{"href":"http:\/\/feierabend.media\/index.php?rest_route=%2Fwp%2Fv2%2Fmedia&parent=340"}],"curies":[{"name":"wp","href":"https:\/\/api.w.org\/{rel}","templated":true}]}}

<div id="pl-340"  class="panel-layout" ><div id="pg-340-0"  class="panel-grid panel-no-style" ><div id="pgc-340-0-0"  class="panel-grid-cell" ><div id="panel-340-0-0-0" class="so-panel widget widget_scrollme_feature_box panel-first-child panel-last-child" data-index="0">        <div class="feature-box-container">
            
            
                            <p class="feat-box-content">French Touch Music scene in Versailles - 1980- 2000
directed by Marc Collin (Nouvelle Vague)
Interviews from:</p>
                    </div>
        </div></div></div><div id="pg-340-1"  class="panel-grid panel-no-style" ><div id="pgc-340-1-0"  class="panel-grid-cell" ><div id="panel-340-1-0-0" class="so-panel widget widget_text panel-first-child panel-last-child" data-index="1" >			<div class="textwidget"><p><span lang="en-US">Philippe Ascoli</span></p>
<p>Marc Teissier du Cros.</p>
<p>Jean Marie Paulus</p>
<p><span lang="en-US">Nicolas Dufournet</span></p>
<p><span lang="en-US">Eric « bob » Vincent</span></p>
<p><span lang="en-US">James Lavelle</span></p>
<p><span lang="en-US">Fabrice Blanchet</span></p>
<p><span lang="en-US">Laurent Collobert</span></p>
<p><span lang="en-US">Etienne de Crecy</span></p>
<p><span lang="en-US">Alexis Latrobe dit Gopher</span></p>
<p><span lang="en-US">Pierre Michel Levallois</span></p>
<p><span lang="en-US">Antoine Bardou Jacquet</span></p>
<p><span lang="en-US">Michel Gondry</span></p>
<p><span lang="en-US">Etienne Charry</span></p>
<p>Olivier Gondry</p>
<p>Emile Gléné</p>
<p>Christophe Basterra</p>
<p>Xavier Jamaux</p>
<p><span lang="en-US">Nicolas Godin </span></p>
<p>JB Dunckel</p>
<p>Hervé ?</p>
<p><span lang="en-US">Stéphane Mellino</span></p>
<p><span lang="en-US">Ludovic Houplain</span></p>
<p><span lang="en-US">Arnaud Rebotini</span></p>
<p><span lang="en-US">Thierry Baujard</span></p>
<p><span lang="en-US">Laurent Brancowitz</span></p>
<p><span lang="en-US">Jeff Cahours</span></p>
<p><span lang="en-US">Patrick Woodcock</span></p>
<p><span lang="en-US">Nicolas Ledain</span></p>
</div>
		</div></div><div id="pgc-340-1-1"  class="panel-grid-cell" ><div id="panel-340-1-1-0" class="so-panel widget widget_text panel-first-child panel-last-child" data-index="2" >			<div class="textwidget"><p><span lang="en-US">directeur artistique chez Polydor,DG du label Source et Colombia UK</span></p>
<p>chef de projet des compilations Sourcelab et du groupe AIR</p>
<p>Bassiste des groupes Les Maitres et des Negresses Vertes</p>
<p><span lang="en-US">Bassiste des groupes Abject et Oui Oui, directeur Marketing Source</span></p>
<p><span lang="en-US">Bassiste du groupe Coup d « état au Bénin » responsable export Virgin</span></p>
<p><span lang="en-US">Directeur artistique du label Mo Wax UK</span></p>
<p><span lang="en-US">Bassiste des groupes Rosa Luxembourg et Elyse Garden</span></p>
<p><span lang="en-US">Chanteur du groupe Louba</span></p>
<p><span lang="en-US">Artiste Louba, Motorbass, Super Discount</span></p>
<p><span lang="en-US">Artiste</span></p>
<p><span lang="en-US">Guitariste de Louba, créateur de Solid records</span></p>
<p><span lang="en-US">Graphiste, </span><span lang="en-US">videaste et cineaste</span></p>
<p><span lang="en-US">batteur des groupes Vietnam Rafale et Oui Oui, vidéaste et cinéaste</span></p>
<p><span lang="en-US">guitariste des groupes Vietnam Rafale et Oui Oui</span></p>
<p>batteur de &#8220;Coup d&#8217;état au Benin&#8221;, trombone des Negresses Vertes</p>
<p>Chanteur de &#8220;Coup d&#8217;état au Benin&#8221;</p>
<p>Manageur de Spring, journaliste magazine Magic !</p>
<p>Artiste Spleen ideal Ollano Bang Bang</p>
<p><span lang="en-US">Artiste Spleen Ideal Orange Air</span></p>
<p>Artiste Orange Air</p>
<p>Chanteur dans « les fils du soleil »</p>
<p><span lang="en-US">Artiste Les negresses Vertes</span></p>
<p><span lang="en-US">Graphiste, label H5</span></p>
<p><span lang="en-US">Artiste Black Strobe Zend Avesta</span></p>
<p><span lang="en-US">Fondateur label Structure Moderne</span></p>
<p><span lang="en-US">Artiste Phoenix</span></p>
<p><span lang="en-US">Artiste Abject Les satellites</span></p>
<p><span lang="en-US">Artiste Mellow</span></p>
<p><span lang="en-US">promoteur concerts, label Poplane</span></p>
</div>
		</div></div></div><div id="pg-340-2"  class="panel-grid panel-no-style" ><div id="pgc-340-2-0"  class="panel-grid-cell" ><div id="panel-340-2-0-0" class="so-panel widget widget_scrollme_feature_box panel-first-child panel-last-child" data-index="3">        <div class="feature-box-container">
            
            
                            <p class="feat-box-content">Ready end 2021 /2022</p>
                    </div>
        </div></div></div></div>

<p>Philippe Ascoli Marc Teissier du Cros. Jean Marie Paulus Nicolas Dufournet Eric « bob » Vincent James Lavelle Fabrice Blanchet Laurent Collobert Etienne de Crecy Alexis Latrobe dit Gopher Pierre Michel Levallois Antoine Bardou Jacquet Michel Gondry Etienne Charry Olivier Gondry Emile Gléné Christophe Basterra Xavier Jamaux Nicolas Godin JB Dunckel Hervé ? Stéphane Mellino [&hellip;]</p>
